of 3336460.
2, 5, 166823
List the prime factors of 878880.
2, 3, 5, 1831
List the prime factors of 338617.
53, 6389
List the prime factors of 39135553.
39135553
What are the prime factors of 34414083?
3, 11, 149, 2333
What are the prime factors of 12526718?
2, 6263359
List the prime factors of 1164688.
2, 7, 10399
List the prime factors of 1109943.
3, 71, 193
What are the prime factors of 185936?
2, 11621
List the prime factors of 6024794.
2, 1427, 2111
List the prime factors of 48771.
3, 5419
What are the prime factors of 1585414?
2, 73, 10859
What are the prime factors of 5403022?
2, 23, 73, 1609
What are the prime factors of 15459252?
2, 3, 53, 109, 223
What are the prime factors of 112547?
241, 467
List the prime factors of 1695580.
2, 5, 17, 4987
List the prime factors of 1498096.
2, 109, 859
What are the prime factors of 2144927?
29, 37, 1999
List the prime factors of 527493.
3, 17, 10343
What are the prime factors of 14009023?
7, 19, 105331
List the prime factors of 391928.
2, 48991
List the prime factors of 20035608.
2, 3, 761, 1097
What are the prime factors of 12000944?
2, 750059
What are the prime factors of 5887304?
2, 17, 73, 593
List the prime factors of 9060492.
2, 3, 7, 19, 811
List the prime factors of 111657.
3, 7, 13, 409
List the prime factors of 11218306.
2, 11, 419, 1217
List the prime factors of 4628091.
3, 13, 118669
List the prime factors of 258166.
2, 129083
What are the prime factors of 5880823?
13, 19, 29, 821
List the prime factors of 452068.
2, 113017
What are the prime factors of 53060?
2, 5, 7, 379
List the prime factors of 255799.
17, 41, 367
What are the prime factors of 31380856?
2, 13, 19, 15881
List the prime factors of 15717762.
2, 3, 873209
List the prime factors of 2204019.
3, 19, 12889
What are the prime factors of 812186?
2, 406093
What are the prime factors of 530465?
5, 13, 8161
List the prime factors of 3382605.
3, 5, 75169
What are the prime factors of 7756064?
2, 242377
List the prime factors of 667967.
149, 4483
List the prime factors of 1142411.
101, 11311
What are the prime factors of 3919543?
3919543
What are the prime factors of 13381?
13381
What are the prime factors of 4189772?
2, 23, 45541
List the prime factors of 11141253.
3, 412639
What are the prime factors of 452963?
7, 64709
What are the prime factors of 661728?
2, 3, 61, 113
List the prime factors of 12565992.
2, 3, 17, 19, 1621
What are the prime factors of 18303276?
2, 3, 1525273
What are the prime factors of 18309553?
18309553
What are the prime factors of 269093?
11, 17, 1439
What are the prime factors of 26628614?
2, 19, 67, 10459
What are the prime factors of 725666?
2, 179, 2027
List the prime factors of 2428758.
2, 3, 41, 1097
What are the prime factors of 915643?
863, 1061
What are the prime factors of 128403?
3, 11, 1297
List the prime factors of 3953769.
3, 23, 57301
What are the prime factors of 2293293?
3, 764431
What are the prime factors of 14614392?
2, 3, 13, 31, 1511
List the prime factors of 227141.
197, 1153
List the prime factors of 635363.
635363
List the prime factors of 1219335.
3, 5, 13, 37
What are the prime factors of 27410149?
13, 2108473
List the prime factors of 3174501.
3, 11, 19, 61, 83
What are the prime factors of 6900296?
2, 13, 43, 1543
List the prime factors of 3545526.
2, 3, 590921
What are the prime factors of 24414045?
3, 5, 1627603
List the prime factors of 382241.
382241
What are the prime factors of 725044?
2, 41, 4421
List the prime factors of 281743.
7, 11, 3659
List the prime factors of 11907066.
2, 3, 1984511
What are the prime factors of 26500320?
2, 3, 5, 7, 11, 239
What are the prime factors of 15987011?
15987011
What are the prime factors of 186751?
19, 9829
What are the prime factors of 1898959?
1898959
What are the prime factors of 2501717?
251, 9967
What are the prime factors of 392577?
3, 130859
List the prime factors of 405053.
11, 23, 1601
List the prime factors of 6623000.
2, 5, 37, 179
What are the prime factors of 13174?
2, 7, 941
What are the prime factors of 459657?
3, 11, 4643
What are the prime factors of 1201406?
2, 600703
What are the prime factors of 12016575?
3, 5, 53407
What are the prime factors of 121228?
2, 30307
What are the prime factors of 3071094?
2, 3, 13, 39373
List the prime factors of 94773.
3, 7, 4513
List the prime factors of 293721.
3, 19, 5153
What are the prime factors of 485460?
2, 3, 5, 29, 31
What are the prime factors of 94391?
11, 8581
List the prime factors of 31181.
31181
List the prime factors of 336708.
2, 3, 47, 199
What are the prime factors of 1457754?
2, 3, 151, 1609
List the prime factors of 5556834.
2, 3, 308713
List the prime factors of 403735.
5, 80747
List the prime factors of 851996.
2, 212999
What are the prime factors of 15705175?
5, 628207
List the prime factors of 374230.
2, 5, 37423
List the prime factors of 9495397.
331, 28687
What are the prime factors of 598000?
2, 5, 13, 23
What are the prime factors of 7962399?
3, 241, 3671
What are the prime factors of 22966897?
4547, 5051
What are the prime factors of 1817357?
109, 16673
What are the prime factors of 65473?
233, 281
What are the prime factors of 1719621?
3, 157, 1217
List the prime factors of 155381.
155381
List the prime factors of 35307737.
23, 1535119
List the prime factors of 4991390.
2, 5, 499139
List the prime factors of 245640.
2, 3, 5, 23, 89
List the prime factors of 2693089.
7, 17, 53, 61
List the prime factors of 1184136.
2, 3, 49339
What are the prime factors of 46342?
2, 17, 29, 47
What are the prime factors of 289661?
47, 6163
What are the prime factors of 14526670?
2, 5, 17, 85451
What are the prime factors of 3929044?
2, 7, 23, 6101
What are the prime factors of 7628766?
2, 3, 19, 66919
List the prime factors of 352324.
2, 7, 12583
What are the prime factors of 28226?
2, 11, 1283
What are the prime factors of 19462511?
2243, 8677
What are the prime factors of 1636915?
5, 7, 46769
List the prime factors of 296083.
296083
List the prime factors of 89880.
2, 3, 5, 7, 107
What are the prime factors of 6985838?
2, 271, 12889
What are the prime factors of 3335889?
3, 1111963
List the prime factors of 1457067.
3, 485689
List the prime factors of 2777866.
2, 7, 13, 15263
List the prime factors of 151041.
3, 11, 23, 199
What are the prime factors of 2586345?
3, 5, 172423
What are the prime factors of 923960?
2, 5, 23099
What are the prime factors of 2638331?
2638331
List the prime factors of 29491489.
73, 403993
List the prime factors of 10905331.
103, 239, 443
List the prime factors of 181069.
7, 25867
List the prime factors of 197817.
3, 233, 283
What are the prime factors of 193243?
193243
List the prime factors of 1583545.
5, 29, 67, 163
What are the prime factors of 20033863?
59, 339557
List the prime factors of 565718.
2, 41, 6899
List the prime factors of 26565.
3, 5, 7, 11, 23
List the prime factors of 4127521.
4127521
List the prime factors of 10719035.
5, 23, 83, 1123
What are the prime factors of 548966?
2, 11, 24953
List the prime factors of 191715.
3, 5, 12781
What are the prime factors of 1176333?
3, 392111
List the prime factors of 11368566.
2, 3, 11, 19139
List the prime factors of 330077.
11, 37, 811
What are the prime factors of 618161?
618161
What are the prime factors of 10316907?
3, 1146323
List the prime factors of 858074.
2, 7, 61291
What are the prime factors of 112651?
7, 11, 19
List the prime factors of 594849.
3, 23, 37, 233
List the prime factors of 2229159.
3, 17, 109, 401
What are the prime factors of 150784?
2, 19, 31
List the prime factors of 39597.
3, 67, 197
List the prime factors of 138509.
7, 47, 421
What are the prime factors of 2542593?
3, 847531
List the prime factors of 7199267.
7199267
What are the prime factors of 174351?
3, 89, 653
List the prime factors of 4689693.
3, 103, 5059
List the prime factors of 2258446.
2, 43, 26261
List the prime factors of 498192.
2, 3, 97, 107
What are the prime factors of 1021924?
2, 449, 569
What are the prime factors of 2294369?
7, 11, 83, 359
List the prime factors of 70089.
3, 61, 383
List the prime factors of 3499914.
2, 3, 11, 19, 2791
List the prime factors of 149414.
2, 74707
List the prime factors of 2938112.
2, 23, 499
List the prime factors of 710016.
2, 3, 43
List the prime